7
List the prime factors of 2407346.
2, 97, 12409
List the prime factors of 126482.
2, 63241
List the prime factors of 13167215.
5, 2633443
List the prime factors of 213125.
5, 11, 31
What are the prime factors of 2481069?
3, 827023
List the prime factors of 442759.
41, 10799
What are the prime factors of 206239?
11, 18749
What are the prime factors of 16298897?
16298897
List the prime factors of 3328320.
2, 3, 5, 3467
List the prime factors of 562107.
3, 7, 13, 29, 71
What are the prime factors of 11067276?
2, 3, 11, 83843
List the prime factors of 354749.
19, 18671
List the prime factors of 4724682.
2, 3, 787447
What are the prime factors of 209703?
3, 13, 19, 283
List the prime factors of 849975.
3, 5, 7, 1619
What are the prime factors of 5442?
2, 3, 907
What are the prime factors of 1684132?
2, 421033
List the prime factors of 3069104.
2, 433, 443
List the prime factors of 249223.
13, 19, 1009
List the prime factors of 662973.
3, 383, 577
What are the prime factors of 18341399?
18341399
List the prime factors of 5942365.
5, 11, 13, 8311
List the prime factors of 1232311.
151, 8161
List the prime factors of 4393297.
29, 197, 769
List the prime factors of 73370.
2, 5, 11, 23, 29
List the prime factors of 10718222.
2, 1061, 5051
What are the prime factors of 6213635?
5, 47, 137, 193
List the prime factors of 410407.
97, 4231
What are the prime factors of 8041337?
367, 21911
List the prime factors of 5116874.
2, 7, 7459
List the prime factors of 106641.
3, 17, 41
What are the prime factors of 2464363?
11, 224033
List the prime factors of 38389.
13, 2953
What are the prime factors of 6766737?
3, 179, 12601
What are the prime factors of 6792322?
2, 29, 117109
List the prime factors of 133721.
7, 2729
List the prime factors of 16255263.
3, 5418421
List the prime factors of 175489.
113, 1553
List the prime factors of 4524289.
7, 11, 58757
List the prime factors of 1074012.
2, 3, 89501
What are the prime factors of 425918?
2, 17, 12527
What are the prime factors of 92016?
2, 3, 71
List the prime factors of 254256.
2, 3, 5297
List the prime factors of 1049179.
131, 8009
What are the prime factors of 13358728?
2, 67, 24923
What are the prime factors of 113763?
3, 13, 2917
List the prime factors of 4244574.
2, 3, 707429
List the prime factors of 520160.
2, 5, 3251
List the prime factors of 28826535.
3, 5, 1921769
List the prime factors of 1712702.
2, 856351
List the prime factors of 191543.
11, 1583
List the prime factors of 1148992.
2, 13, 1381
List the prime factors of 4084516.
2, 1021129
What are the prime factors of 5238065?
5, 7, 103, 1453
List the prime factors of 11809425.
3, 5, 101, 1559
What are the prime factors of 1100195?
5, 19, 37, 313
List the prime factors of 1239093.
3, 37, 61
List the prime factors of 3255176.
2, 109, 3733
List the prime factors of 91920.
2, 3, 5, 383
What are the prime factors of 885923?
885923
List the prime factors of 88559.
19, 59, 79
What are the prime factors of 1165167?
3, 37, 3499
What are the prime factors of 177883?
177883
What are the prime factors of 210610?
2, 5, 21061
List the prime factors of 8291194.
2, 73, 109, 521
What are the prime factors of 74953?
17, 4409
What are the prime factors of 2090432?
2, 89, 367
List the prime factors of 14582.
2, 23, 317
List the prime factors of 5847519.
3, 73, 26701
List the prime factors of 3816105.
3, 5, 254407
What are the prime factors of 67878?
2, 3, 419
What are the prime factors of 594275?
5, 11, 2161
What are the prime factors of 1007108?
2, 73, 3449
What are the prime factors of 4589571?
3, 7, 218551
What are the prime factors of 488610?
2, 3, 5, 61, 89
List the prime factors of 64220.
2, 5, 13, 19
What are the prime factors of 4163074?
2, 2081537
List the prime factors of 5478691.
193, 28387
What are the prime factors of 380620?
2, 5, 19031
What are the prime factors of 2695143?
3, 11, 81671
What are the prime factors of 3046962?
2, 3, 507827
What are the prime factors of 105398?
2, 151, 349
What are the prime factors of 730970?
2, 5, 67, 1091
What are the prime factors of 3837695?
5, 767539
What are the prime factors of 4655525?
5, 7, 37, 719
List the prime factors of 2095356.
2, 3, 174613
What are the prime factors of 201846?
2, 3, 33641
List the prime factors of 6537244.
2, 7, 23, 10151
List the prime factors of 74208.
2, 3, 773
List the prime factors of 7100038.
2, 11, 29339
List the prime factors of 3826662.
2, 3, 7, 179, 509
What are the prime factors of 639083?
639083
List the prime factors of 4328308.
2, 29, 37313
List the prime factors of 3963961.
379, 10459
List the prime factors of 73509.
3, 107, 229
List the prime factors of 52426.
2, 11, 2383
What are the prime factors of 164492?
2, 17, 41, 59
What are the prime factors of 1283537?
1283537
What are the prime factors of 4945010?
2, 5, 7, 41, 1723
What are the prime factors of 6221222?
2, 7, 127, 3499
What are the prime factors of 2790141?
3, 43, 503
What are the prime factors of 20717316?
2, 3, 191827
List the prime factors of 10372896.
2, 3, 36017
List the prime factors of 645055.
5, 129011
List the prime factors of 187483.
47, 3989
List the prime factors of 100242.
2, 3, 5569
What are the prime factors of 311373?
3, 29, 1193
List the prime factors of 14716104.
2, 3, 13, 101, 467
List the prime factors of 964698.
2, 3, 7, 103, 223
List the prime factors of 82495.
5, 7, 2357
What are the prime factors of 125745?
3, 5, 83, 101
List the prime factors of 219582.
2, 3, 11, 1109
List the prime factors of 23316805.
5, 31, 150431
List the prime factors of 2961024.
2, 3, 11, 701
What are the prime factors of 1721363?
7, 245909
What are the prime factors of 347267?
239, 1453
What are the prime factors of 64265?
5, 12853
What are the prime factors of 10742596?
2, 2685649
What are the prime factors of 29895?
3, 5, 1993
What are the prime factors of 3184802?
2, 1592401
List the prime factors of 5330938.
2, 2665469
What are the prime factors of 560065?
5, 11, 17, 599
List the prime factors of 148948.
2, 23, 1619
What are the prime factors of 91982?
2, 11, 37, 113
What are the prime factors of 89097?
3, 17, 1747
What are the prime factors of 739038?
2, 3, 37, 3329
What are the prime factors of 147596?
2, 36899
What are the prime factors of 1582033?
1582033
What are the prime factors of 974432?
2, 37, 823
What are the prime factors of 4996597?
443, 11279
What are the prime factors of 790305?
3, 5, 19, 47, 59
What are the prime factors of 1400303?
1400303
What are the prime factors of 2470770?
2, 3, 5, 9151
List the prime factors of 4156575.
3, 5, 157, 353
List the prime factors of 527063.
527063
What are the prime factors of 390175?
5, 15607
What are the prime factors of 4081325?
5, 59, 2767
List the prime factors of 178331.
151, 1181
List the prime factors of 281076.
2, 3, 59, 397
What are the prime factors of 234765?
3, 5, 37, 47
What are the prime factors of 335654?
2, 11, 19, 73
What are the prime factors of 342082?
2, 13, 59, 223
What are the prime factors of 2735752?
2, 569, 601
List the prime factors of 123499.
123499
What are the prime factors of 5895912?
2, 3, 11, 23, 971
List the prime factors of 1469380.
2, 5, 11, 6679
List the prime factors of 336723.
3, 112241
List the prime factors of 4337883.
3, 11, 43, 1019
List the prime factors of 6692628.
2, 3, 17, 53, 619
What are the prime factors of 197995?
5, 7, 5657
List the prime factors of 4207964.
2, 1051991
What are the prime factors of 450694?
2, 225347
What are the prime factors of 12699817?
13, 976909
What are the prime factors of 6175655?
5, 1235131
What are the prime factors of 44953?
44953
List the prime factors of 9432594.
2, 3, 149, 3517
List the prime factors of 43653.
3, 14551
List the prime factors of 949878.
2, 3, 113, 467
List the prime factors of 6076798.
2, 7, 13, 173, 193
What are the prime factors of 9861993?
3, 109, 1117
List the prime factors of 1125933.
3, 375311
What are the prime factors of 359837?
359837
What are the prime factors of 427465?
5, 17, 47, 107
List the prime factors of 177016.
2, 7, 29, 109
List the prime factors of 33150.
2, 3, 5, 13, 17
What are the prime factors of 63185?
5, 12637
What are the prime factors of 530742?
2, 3, 53, 1669
What are the prime factors of 1358584?
2, 169823
List the prime factors of